 is -44 + 7233546?
7233502
In base 16, what is -c2e093 + -2a?
-c2e0bd
In base 7, what is -10423 + 15004?
4251
In base 8, what is -14154204 + 0?
-14154204
In base 2, what is -101 + 110010000111111111111000100?
110010000111111111110111111
In base 14, what is -13063 + 1d69?
-110d8
In base 3, what is -2201220221121112 + -1?
-2201220221121120
In base 16, what is 19dce - 11ea?
18be4
In base 15, what is -122ec86 - 0?
-122ec86
In base 9, what is -8 - -36663403?
36663384
In base 13, what is -31621a75 + 5?
-31621a70
In base 6, what is -3531352244 + -5?
-3531352253
In base 16, what is 2c - -1ebd8e?
1ebdba
In base 9, what is -524881 + -3?
-524884
In base 14, what is -688c2 + -db?
-689bd
In base 16, what is -41c5bc9 - -8?
-41c5bc1
In base 16, what is -4312 + -26?
-4338
In base 10, what is -539463 + -14?
-539477
In base 11, what is -102 + -94a12?
-95014
In base 13, what is -c083082 + -5?
-c083087
In base 8, what is -251707416 - -3?
-251707413
In base 13, what is 7a5044 + -4a?
7a4cc7
In base 3, what is 20101112 + -11002012?
2022100
In base 3, what is -121 + 122120112112?
122120111221
In base 9, what is 1 + 22688820?
22688821
In base 9, what is 31133688 + -11?
31133677
In base 10, what is -786 + 139564?
138778
In base 15, what is 9 + -127169?
-127160
In base 8, what is -3343 + 30232?
24667
In base 5, what is 44100421340 - -4?
44100421344
In base 9, what is -2638478 - 13?
-2638502
In base 16, what is 9b4e - 68?
9ae6
In base 10, what is 9 + -502041?
-502032
In base 5, what is 22223022 + -3324?
22214143
In base 11, what is -3aa304 + 51?
-3aa263
In base 8, what is -112413412 + -1?
-112413413
In base 8, what is 654175665 - -4?
654175671
In base 15, what is 478 - -51326?
5179e
In base 5, what is -32433221 - 44?
-32433320
In base 5, what is 3 - -401020234?
401020242
In base 16, what is 164 + 7e88?
7fec
In base 15, what is -5b - -e418c0?
e41864
In base 4, what is 30330103 - 3231?
30320212
In base 9, what is 654856 - 1234?
653622
In base 14, what is 28 + -580bd9?
-580bb1
In base 5, what is -4014024 + 1112100?
-2401424
In base 13, what is -4 - 62774a90?
-62774a94
In base 2, what is -1001011001000110 - 1101001011?
-1001100110010001
In base 7, what is 53200460 - 21?
53200436
In base 10, what is 5564 - 26245?
-20681
In base 8, what is 21702 - -31773?
53675
In base 3, what is -100220200012 - -1110201?
-100212012111
In base 7, what is -22541 + -1354?
-24225
In base 4, what is 122 + -311321331?
-311321203
In base 2, what is -1101101111111100 + 101111?
-1101101111001101
In base 16, what is 4 + 962e0e9?
962e0ed
In base 2, what is -10011101111001010 + -10011111000010?
-10110001110001100
In base 16, what is f55a - -54?
f5ae
In base 5, what is 12 + -244404402?
-244404340
In base 15, what is -213 + -244d1?
-246e4
In base 5, what is 2414310130 - 1?
2414310124
In base 15, what is -113 - -946e5?
945d2
In base 7, what is -5025 - 105565?
-113623
In base 15, what is -1079e8 + 1c?
-1079cb
In base 15, what is -3dc92b9 - 3?
-3dc92bc
In base 16, what is 5 + -baab31?
-baab2c
In base 12, what is -1a + -2032144?
-2032162
In base 12, what is 160590b - 35?
1605896
In base 7, what is -2340650432 - -2?
-2340650430
In base 16, what is -8bc27 - 5?
-8bc2c
In base 15, what is -25840a - -4?
-258406
In base 3, what is 10011212 + -122112210?
-112100221
In base 8, what is -56622 + 131172?
52350
In base 5, what is 2000110 + 1132?
2001242
In base 3, what is -1122010110 - -1101002?
-1120202101
In base 11, what is 12273481 + 2?
12273483
In base 12, what is -1 - 5bb219?
-5bb21a
In base 13, what is -5 + -c2316a9?
-c2316b1
In base 16, what is -1a0f4 + -1ac?
-1a2a0
In base 6, what is -10304 + 31352053?
31341345
In base 4, what is -1000222002 + -331?
-1000222333
In base 12, what is -437a - 752?
-4b10
In base 15, what is 16 - 14e13a?
-14e124
In base 5, what is 23104 + -34344210?
-34321101
In base 10, what is -165890 - -188?
-165702
In base 13, what is 4 - -235a38b3?
235a38b7
In base 9, what is -24 - 3206355?
-3206380
In base 11, what is 31 - 469a4?
-46973
In base 6, what is 113441 + 20440?
134321
In base 13, what is -219 + ba1a?
b801
In base 11, what is 178a6696a - 1?
178a66969
In base 8, what is 2564416 - 357?
2564037
In base 3, what is -12012211 - -112?
-12012022
In base 3, what is 1022111221 - -10101?
1022122022
In base 10, what is -217776 + -257?
-218033
In base 9, what is -5503 - 74564?
-81167
In base 2, what is -11 + 1100111000100100111000001?
1100111000100100110111110
In base 9, what is 31 - 17826727?
-17826686
In base 4, what is -1 - 1313003113301?
-1313003113302
In base 10, what is 24 - -641472?
641496
In base 5, what is 211 - 11343104?
-11342343
In base 2, what is 1110000100001011011101101 + 101?
1110000100001011011110010
In base 16, what is -b0d + 2f3?
-81a
In base 9, what is 8047155 + -5?
8047150
In base 8, what is -36 + -2141643?
-2141701
In base 5, what is 232 + 231433300?
231434032
In base 8, what is 50 + 20625414?
20625464
In base 15, what is -671c - -109?
-6613
In base 10, what is 5423 - -11387?
16810
In base 3, what is 101201 + 10001212021?
10002020222
In base 9, what is -1071071541 - -5?
-1071071535
In base 12, what is 92b - 4ab1?
-4182
In base 9, what is -4 - -38275110?
38275105
In base 16, what is 18c32 - -652?
19284
In base 13, what is -94a0049 + 7?
-94a0042
In base 5, what is 242021 + 112220?
404241
In base 13, what is 529 - -117b?
16a7
In base 13, what is 1981c - -ba?
19909
In base 4, what is -22203333 - 1322?
-22211321
In base 16, what is 5 + aa1d66?
aa1d6b
In base 16, what is 5 - ab53c?
-ab537
In base 9, what is 476057028 + 1?
476057030
In base 14, what is 3bb4c0b - 0?
3bb4c0b
In base 16, what is 5 + 2954?
2959
In base 2, what is 110011111 - -11000111110111110?
11001000101011101
In base 12, what is -1a64009 + 2?
-1a64007
In base 5, what is 33300314021 + 12?
33300314033
In base 10, what is -3 - 63279045?
-63279048
In base 15, what is 18 - 12875c?
-128744
In base 9, what is 2 - -164238212?
164238214
In base 12, what is 9 + 1589aa9?
1589ab6
In base 16, what is -364e - 514?
-3b62
In base 11, what is 4 - -1388439?
1388442
In base 10, what is 269 + -1843637?
-1843368
In base 16, what is 139ec + 11f?
13b0b
In base 11, what is 2a9 - 7123?
-6925
In base 8, what is 5662 + -4366?
1274
In base 7, what is -30 - 4351152?
-4351212
In base 16, what is -32a6b1a + 4?
-32a6b16
In base 14, what is 3 - -150cb58?
150cb5b
In base 11, what is a - -48a408?
48a417
In base 3, what is 22020102201 + 222?
22020110200
In base 13, what is -236c3a6 - -9?
-236c39a
In base 14, what is -3056a9 - 2?
-3056ab
In base 12, what is 6959 + -18a7?
5072
In base 3, what is 22 + 211022120211212?
211022120212011
In base 2, what is -101 + -1000011011010101011110?
-1000011011010101100011
In base 15, what is 2152d - 2a?
21503
In base 6, what is 2531350 + -3?
2531343
In base 3, what is -12001222 - -11101?
-11220121
In base 16, what is 1 - b3fceaa?
-b3fcea9
In base 12, what is -1a1b9b67 + 0?
-1a1b9b67
In base 15, what is 617c4 - -124?
618e8
In base 10, what is -1153789 - 14?
-1153803
In base 15, what is 4c + -882200?
-8821a3
In base 16, what is 18f + 3bee?
3d7d
In base 16, what is 424b - 269?
3fe2
In base 2, what is 111110111101011100111011001 - 1?
111110111101011100111011000
In base 7, what is 5332452 + -10?
5332442
In base 15, what is 2 - 581133?
-581131
In base 16, what is 7 + -32f0a?
-32f03
In base 11, what is 72393 - 6?
72388
In base 4, what is 10221 - 10302313130?
-10302302303
In base 5, what is -1110212321 + -30?
-1110212401
In base 8, what is 1146 - 150132?
-146764
In base 15, what is 73 + -551e7d?
-551e0a
In base 11, what is -766272 - -25?
-766248
In base 5, what is -104010200 + -223?
-104010423
In base 10, what is -6099789 - -67?
-6099722
In base 12, what is 230785 + -824?
22bb61
In base 16, what is 0 + -5557c4?
-5557c4
In base 5, what is 303403242 - -2122?
303410414
In base 12, what is 8259683 + 4?
8259687
In base 9, what is 10754 - -3227?
14082
In base 9, what is -374 + -36828?
-37313
In base 5, what is -3 - 243414122423?
-243414122431
In base 16, what is eb - -2746?
2831
In base 12, what is 113651131 - -4?
113651135
In base 14, what is -65617b2 + 3?
-65617ad
In base 4, what is -203320302 - 101?
-203321003
In base 4, what is -30300 + -11103212?
-11200112
In base 3, what is -200101 - -2002112211?
2001212110
In base 15, what i